{"id":17827,"date":"2025-08-25T21:03:10","date_gmt":"2025-08-26T00:03:10","guid":{"rendered":"https:\/\/mulhervitrola.com.br\/blog\/?page_id=17827"},"modified":"2025-08-25T21:15:43","modified_gmt":"2025-08-26T00:15:43","slug":"paginas-amarelinhas-em-construcao","status":"publish","type":"page","link":"https:\/\/mulhervitrola.com.br\/blog\/paginas-amarelinhas-em-construcao\/","title":{"rendered":"P\u00e1ginas Amarelinhas (em constru\u00e7\u00e3o)"},"content":{"rendered":"\n<p><strong>Esta p\u00e1gina foi criada com intuito de divulgar servi\u00e7os dos quais j\u00e1 consumi ou que eu indico.<\/strong><br>Se o seu contato estiver aqui e desejar fazer alguma altera\u00e7\u00e3o no link, entre em contato comigo.<br>Se deseja me indicar algum servi\u00e7o, me envie seu contato, falando um pouco de voc\u00ea e do seu produto\/servi\u00e7o, e analisarei com carinho.<br><br><strong>Advogada:<\/strong><br>Raphaella Reis: <a href=\"https:\/\/www.instagram.com\/ora.raphaella\/\">Instagram<\/a><br><br><strong>Aula de escrita\/Revis\u00e3o:<\/strong><br>Fernanda Rodrigues: <a href=\"https:\/\/linktr.ee\/fe_notavel?fbclid=PAZXh0bgNhZW0CMTEAAacztttS5_bgj-r6-kfvbcJQO7WXd5o2ghVAhN-qQm9RHmgVX9a6310g0UXewQ_aem_WHqXu_HvhoqBAXgorzVlYQ\">Contatos<\/a> <br><br><strong>Comidas Veganas (RJ):<\/strong><br>Faca Veggie (salgados): <a href=\"https:\/\/www.instagram.com\/facavegiie\/\">Instagram<\/a><br>Ferveg (confeitaria): <a href=\"https:\/\/www.instagram.com\/fervegg\/\">Instagram<\/a><br><br><strong>Comidas (outras localidades)<\/strong><br>1up Geek (tem op\u00e7\u00f5es veganas): <a href=\"https:\/\/1upgeek.my.canva.site\/?fbclid=PAZXh0bgNhZW0CMTEAAadM2F3frucwMSjRVX6oQyr0YIMZCe7kEHZzY3BZT7rS5d-jdSip-IN_ZwWguw_aem_jtxHVuiKXjMpR-uKmOWJ7w\">Contato<\/a><br><br><strong>Dan\u00e7a \u00e1rabe:<\/strong><br>Isa Munir: <a href=\"https:\/\/www.instagram.com\/isamunir\/\">Instagram<\/a><br><br><strong>Escritores:<\/strong><br>Luly Laje: <a href=\"https:\/\/lulylage.com\/links\/?fbclid=PAZXh0bgNhZW0CMTEAAadrLSO4V__fD7U0OmJ-nrVhZ8mSoD1iAGBNoNWz_P7xYgpRPxXjaxhFN1Hsxg_aem_jLLOp6jMxJdNIPx8PwhBdQ\">Contatos<\/a><br><br><strong>Fotografia:<\/strong><br>Soraya Pamplona: <a href=\"https:\/\/linkbio.co\/sorayapamplona?fbclid=PAZXh0bgNhZW0CMTEAAafKqJAIN1nFibH1DBUWrXvjbML2av-uTG4f0ow2X2VYGpR0kC41KZmqsBukWw_aem_z-QxsolAos5D2i7ioa2xlQ\">Contatos<\/a><br><br><strong>Ilustra\u00e7\u00e3o:<\/strong><br>Bia Quadros: <a href=\"https:\/\/www.meninacanceriana.com.br\/?fbclid=PAZXh0bgNhZW0CMTEAAafC0DhAp7p6qZCXUQLUPykYEjDZklx06OM97BZ94K63pe6IQ7EzA4OzIUZoHw_aem_hxth20P2SsMGdvs2FI34oA\">Loja<\/a><br>Duds Saldanha: <a href=\"https:\/\/www.instagram.com\/ddsaldanha\/\">Instagram<\/a><br>M\u00e1 Matiazi: <a href=\"https:\/\/www.mmatiazi.com\/?fbclid=PAZXh0bgNhZW0CMTEAAacK4Fxvyoj3HAr_2Qj0GeFcgdvRbpGktVkY_5JzzbnH7mP31p_0eQcSp55l5Q_aem_rtq3Q6tpGLgPX78Gnt8hKw\">Site<\/a><br>Nat\u00e1lia Prata: <a href=\"https:\/\/www.nyatche.com.br\/?fbclid=PAZXh0bgNhZW0CMTEAAaefET3v9encGFBBl0V47I0t8vwCsN68JFM3k62mOljFmQHC2-Dc6mzbDr9vwQ_aem_Y27JSNq0LnErWtIYAHBgmw\">Loja<\/a><br><br><strong>Moda:<\/strong><br>Leonardo Dantas: <a href=\"https:\/\/l.instagram.com\/?u=http%3A%2F%2Fmenschenclothing.com.br%2F%3Ffbclid%3DPAZXh0bgNhZW0CMTEAAafdLLJl7eMG06h2kur-isX5Tg5y4eL_QBC1joC3m1ruW4bd6iwP8c2jMma4_w_aem_84AP9JTjQS9xRQU7nJZQ9Q&amp;e=AT0Cd0V9vYZFwztqs5DGPcWq-3PK12ONUgBMrha_Q1RpCNIB9Mpn2fkbVXxWGSlK2c3KscbDjg3fHSm_VsPTHPvtd2UMvISYgGxG8Yrh2e9r3M6v9etm\">Loja<\/a> | <a href=\"https:\/\/www.instagram.com\/menschen___\/\">Instagram<\/a><br>Wear Cosmo: <a href=\"https:\/\/www.instagram.com\/wear_cosmo\/\">Instagram<\/a><br>Zilah Rodrigues: <a href=\"https:\/\/zilahjoias.com\/?fbclid=PAZXh0bgNhZW0CMTEAAafToB4X5N-2J6UV_1yZnGgNEW1-az1lq8BVfIdC3AcXly0umrpkzvY2xpAarw_aem_BgkDiV3KjJJh-PBkku67Ig\">Loja<\/a><br><br><strong>Psicologia:<\/strong><br>Rog\u00e9ria Ferreira Thompson: <a href=\"https:\/\/www.instagram.com\/rogeria.ferreira.thompson\/\">Instagram<\/a><\/p>\n\n\n\n<p><strong>Tradutora\/jornalista: <\/strong><br>Livia Brazil: <a href=\"https:\/\/www.instagram.com\/liviagbrazil\/\">Instagram<\/a><br><br><br><br><br><br><br><br><br><br><br><br><\/p>\n","protected":false},"excerpt":{"rendered":"<p>Esta p\u00e1gina foi criada com intuito de divulgar servi\u00e7os dos quais j\u00e1 consumi ou que eu indico.Se o seu contato estiver aqui e desejar fazer alguma altera\u00e7\u00e3o no link, entre em contato comigo.Se deseja me indicar algum servi\u00e7o, me envie seu contato, falando um pouco de voc\u00ea e do seu produto\/servi\u00e7o, e analisarei com carinho&#8230;.<a class=\"btnReadMore\" href=\"https:\/\/mulhervitrola.com.br\/blog\/paginas-amarelinhas-em-construcao\/\">Leia mais<i class=\"fa fa-long-arrow-right\"><\/i><\/a><\/p>\n","protected":false},"author":1,"featured_media":0,"parent":0,"menu_order":0,"comment_status":"closed","ping_status":"closed","template":"","meta":{"_uf_show_specific_survey":0,"_uf_disable_surveys":false,"jetpack_post_was_ever_published":false,"footnotes":""},"class_list":["post-17827","page","type-page","status-publish","hentry"],"yoast_head":"<!-- This site is optimized with the Yoast SEO plugin v26.7 - https:\/\/yoast.com\/wordpress\/plugins\/seo\/ -->\n<title>P\u00e1ginas Amarelinhas (em constru\u00e7\u00e3o) | Blog da Mulher Vitrola<\/title>\n<meta name=\"description\" content=\"Procura um servi\u00e7o espec\u00edfico e gostaria de uma indica\u00e7\u00e3o? Esta lista estilo p\u00e1ginas amarelas pode te ajudar!\" \/>\n<meta name=\"robots\" content=\"index, follow, max-snippet:-1, max-image-preview:large, max-video-preview:-1\" \/>\n<link rel=\"canonical\" href=\"https:\/\/mulhervitrola.com.br\/blog\/paginas-amarelinhas-em-construcao\/\" \/>\n<meta property=\"og:locale\" content=\"pt_BR\" \/>\n<meta property=\"og:type\" content=\"article\" \/>\n<meta property=\"og:title\" content=\"P\u00e1ginas Amarelinhas (em constru\u00e7\u00e3o) | Blog da Mulher Vitrola\" \/>\n<meta property=\"og:description\" content=\"Procura um servi\u00e7o espec\u00edfico e gostaria de uma indica\u00e7\u00e3o? Esta lista estilo p\u00e1ginas amarelas pode te ajudar!\" \/>\n<meta property=\"og:url\" content=\"https:\/\/mulhervitrola.com.br\/blog\/paginas-amarelinhas-em-construcao\/\" \/>\n<meta property=\"og:site_name\" content=\"Blog da Mulher Vitrola\" \/>\n<meta property=\"article:modified_time\" content=\"2025-08-26T00:15:43+00:00\" \/>\n<meta property=\"og:image\" content=\"https:\/\/mulhervitrola.com.br\/blog\/wp-content\/uploads\/2020\/04\/11-620x620.jpg\" \/>\n\t<meta property=\"og:image:width\" content=\"620\" \/>\n\t<meta property=\"og:image:height\" content=\"620\" \/>\n\t<meta property=\"og:image:type\" content=\"image\/jpeg\" \/>\n<meta name=\"twitter:card\" content=\"summary_large_image\" \/>\n<meta name=\"twitter:site\" content=\"@mulhervitrola\" \/>\n<meta name=\"twitter:label1\" content=\"Est. tempo de leitura\" \/>\n\t<meta name=\"twitter:data1\" content=\"1 minuto\" \/>\n<script type=\"application\/ld+json\" class=\"yoast-schema-graph\">{\"@context\":\"https:\/\/schema.org\",\"@graph\":[{\"@type\":\"WebPage\",\"@id\":\"https:\/\/mulhervitrola.com.br\/blog\/paginas-amarelinhas-em-construcao\/\",\"url\":\"https:\/\/mulhervitrola.com.br\/blog\/paginas-amarelinhas-em-construcao\/\",\"name\":\"P\u00e1ginas Amarelinhas (em constru\u00e7\u00e3o) | Blog da Mulher Vitrola\",\"isPartOf\":{\"@id\":\"https:\/\/mulhervitrola.com.br\/blog\/#website\"},\"datePublished\":\"2025-08-26T00:03:10+00:00\",\"dateModified\":\"2025-08-26T00:15:43+00:00\",\"description\":\"Procura um servi\u00e7o espec\u00edfico e gostaria de uma indica\u00e7\u00e3o? Esta lista estilo p\u00e1ginas amarelas pode te ajudar!\",\"breadcrumb\":{\"@id\":\"https:\/\/mulhervitrola.com.br\/blog\/paginas-amarelinhas-em-construcao\/#breadcrumb\"},\"inLanguage\":\"pt-BR\",\"potentialAction\":[{\"@type\":\"ReadAction\",\"target\":[\"https:\/\/mulhervitrola.com.br\/blog\/paginas-amarelinhas-em-construcao\/\"]}]},{\"@type\":\"BreadcrumbList\",\"@id\":\"https:\/\/mulhervitrola.com.br\/blog\/paginas-amarelinhas-em-construcao\/#breadcrumb\",\"itemListElement\":[{\"@type\":\"ListItem\",\"position\":1,\"name\":\"In\u00edcio\",\"item\":\"https:\/\/mulhervitrola.com.br\/blog\/\"},{\"@type\":\"ListItem\",\"position\":2,\"name\":\"P\u00e1ginas Amarelinhas (em constru\u00e7\u00e3o)\"}]},{\"@type\":\"WebSite\",\"@id\":\"https:\/\/mulhervitrola.com.br\/blog\/#website\",\"url\":\"https:\/\/mulhervitrola.com.br\/blog\/\",\"name\":\"Blog da Mulher Vitrola\",\"description\":\"por Re Montenegro\",\"publisher\":{\"@id\":\"https:\/\/mulhervitrola.com.br\/blog\/#\/schema\/person\/df88e61e635561444a7aca4ca394ed85\"},\"potentialAction\":[{\"@type\":\"SearchAction\",\"target\":{\"@type\":\"EntryPoint\",\"urlTemplate\":\"https:\/\/mulhervitrola.com.br\/blog\/?s={search_term_string}\"},\"query-input\":{\"@type\":\"PropertyValueSpecification\",\"valueRequired\":true,\"valueName\":\"search_term_string\"}}],\"inLanguage\":\"pt-BR\"},{\"@type\":[\"Person\",\"Organization\"],\"@id\":\"https:\/\/mulhervitrola.com.br\/blog\/#\/schema\/person\/df88e61e635561444a7aca4ca394ed85\",\"name\":\"mulhervitrola\",\"image\":{\"@type\":\"ImageObject\",\"inLanguage\":\"pt-BR\",\"@id\":\"https:\/\/mulhervitrola.com.br\/blog\/#\/schema\/person\/image\/\",\"url\":\"https:\/\/i0.wp.com\/mulhervitrola.com.br\/wp-content\/uploads\/2020\/05\/DSC_0200-scaled.jpg?fit=2560%2C1702&ssl=1\",\"contentUrl\":\"https:\/\/i0.wp.com\/mulhervitrola.com.br\/wp-content\/uploads\/2020\/05\/DSC_0200-scaled.jpg?fit=2560%2C1702&ssl=1\",\"width\":2560,\"height\":1702,\"caption\":\"mulhervitrola\"},\"logo\":{\"@id\":\"https:\/\/mulhervitrola.com.br\/blog\/#\/schema\/person\/image\/\"},\"sameAs\":[\"mulhervitrola\"]}]}<\/script>\n<!-- \/ Yoast SEO plugin. -->","yoast_head_json":{"title":"P\u00e1ginas Amarelinhas (em constru\u00e7\u00e3o) | Blog da Mulher Vitrola","description":"Procura um servi\u00e7o espec\u00edfico e gostaria de uma indica\u00e7\u00e3o? Esta lista estilo p\u00e1ginas amarelas pode te ajudar!","robots":{"index":"index","follow":"follow","max-snippet":"max-snippet:-1","max-image-preview":"max-image-preview:large","max-video-preview":"max-video-preview:-1"},"canonical":"https:\/\/mulhervitrola.com.br\/blog\/paginas-amarelinhas-em-construcao\/","og_locale":"pt_BR","og_type":"article","og_title":"P\u00e1ginas Amarelinhas (em constru\u00e7\u00e3o) | Blog da Mulher Vitrola","og_description":"Procura um servi\u00e7o espec\u00edfico e gostaria de uma indica\u00e7\u00e3o? Esta lista estilo p\u00e1ginas amarelas pode te ajudar!","og_url":"https:\/\/mulhervitrola.com.br\/blog\/paginas-amarelinhas-em-construcao\/","og_site_name":"Blog da Mulher Vitrola","article_modified_time":"2025-08-26T00:15:43+00:00","og_image":[{"width":620,"height":620,"url":"https:\/\/mulhervitrola.com.br\/blog\/wp-content\/uploads\/2020\/04\/11-620x620.jpg","type":"image\/jpeg"}],"twitter_card":"summary_large_image","twitter_site":"@mulhervitrola","twitter_misc":{"Est. tempo de leitura":"1 minuto"},"schema":{"@context":"https:\/\/schema.org","@graph":[{"@type":"WebPage","@id":"https:\/\/mulhervitrola.com.br\/blog\/paginas-amarelinhas-em-construcao\/","url":"https:\/\/mulhervitrola.com.br\/blog\/paginas-amarelinhas-em-construcao\/","name":"P\u00e1ginas Amarelinhas (em constru\u00e7\u00e3o) | Blog da Mulher Vitrola","isPartOf":{"@id":"https:\/\/mulhervitrola.com.br\/blog\/#website"},"datePublished":"2025-08-26T00:03:10+00:00","dateModified":"2025-08-26T00:15:43+00:00","description":"Procura um servi\u00e7o espec\u00edfico e gostaria de uma indica\u00e7\u00e3o? Esta lista estilo p\u00e1ginas amarelas pode te ajudar!","breadcrumb":{"@id":"https:\/\/mulhervitrola.com.br\/blog\/paginas-amarelinhas-em-construcao\/#breadcrumb"},"inLanguage":"pt-BR","potentialAction":[{"@type":"ReadAction","target":["https:\/\/mulhervitrola.com.br\/blog\/paginas-amarelinhas-em-construcao\/"]}]},{"@type":"BreadcrumbList","@id":"https:\/\/mulhervitrola.com.br\/blog\/paginas-amarelinhas-em-construcao\/#breadcrumb","itemListElement":[{"@type":"ListItem","position":1,"name":"In\u00edcio","item":"https:\/\/mulhervitrola.com.br\/blog\/"},{"@type":"ListItem","position":2,"name":"P\u00e1ginas Amarelinhas (em constru\u00e7\u00e3o)"}]},{"@type":"WebSite","@id":"https:\/\/mulhervitrola.com.br\/blog\/#website","url":"https:\/\/mulhervitrola.com.br\/blog\/","name":"Blog da Mulher Vitrola","description":"por Re Montenegro","publisher":{"@id":"https:\/\/mulhervitrola.com.br\/blog\/#\/schema\/person\/df88e61e635561444a7aca4ca394ed85"},"potentialAction":[{"@type":"SearchAction","target":{"@type":"EntryPoint","urlTemplate":"https:\/\/mulhervitrola.com.br\/blog\/?s={search_term_string}"},"query-input":{"@type":"PropertyValueSpecification","valueRequired":true,"valueName":"search_term_string"}}],"inLanguage":"pt-BR"},{"@type":["Person","Organization"],"@id":"https:\/\/mulhervitrola.com.br\/blog\/#\/schema\/person\/df88e61e635561444a7aca4ca394ed85","name":"mulhervitrola","image":{"@type":"ImageObject","inLanguage":"pt-BR","@id":"https:\/\/mulhervitrola.com.br\/blog\/#\/schema\/person\/image\/","url":"https:\/\/i0.wp.com\/mulhervitrola.com.br\/wp-content\/uploads\/2020\/05\/DSC_0200-scaled.jpg?fit=2560%2C1702&ssl=1","contentUrl":"https:\/\/i0.wp.com\/mulhervitrola.com.br\/wp-content\/uploads\/2020\/05\/DSC_0200-scaled.jpg?fit=2560%2C1702&ssl=1","width":2560,"height":1702,"caption":"mulhervitrola"},"logo":{"@id":"https:\/\/mulhervitrola.com.br\/blog\/#\/schema\/person\/image\/"},"sameAs":["mulhervitrola"]}]}},"jetpack_sharing_enabled":true,"jetpack_shortlink":"https:\/\/wp.me\/P3GuHo-4Dx","jetpack-related-posts":[{"id":7907,"url":"https:\/\/mulhervitrola.com.br\/blog\/uso-das-ilustracoes-do-blog\/","url_meta":{"origin":17827,"position":0},"title":"Uso das Ilustra\u00e7\u00f5es do blog","author":"mulhervitrola","date":"11 de maio de 2016","format":false,"excerpt":"Todas as ilustra\u00e7\u00f5es do blog foram feitas\/criadas\/ilustradas por mim (Renata Montenegro), e N\u00c3O est\u00e3o autorizadas para uso comercial (venda em lojas). \u00a0 \u00c9 permitido: compartilhar em redes sociais (com devidos cr\u00e9ditos), imprimir para uso pr\u00f3prio. N\u00e3o \u00e9 permitido: imprimir para venda, alterar\/modificar, utilizar em produtos impressos de lojas, usar como\u2026","rel":"","context":"Post similar","block_context":{"text":"Post similar","link":""},"img":{"alt_text":"","src":"","width":0,"height":0},"classes":[]},{"id":17901,"url":"https:\/\/mulhervitrola.com.br\/blog\/tirinhas\/","url_meta":{"origin":17827,"position":1},"title":"Tirinhas","author":"mulhervitrola","date":"19 de setembro de 2025","format":false,"excerpt":"Tirinhas publicadas entre 2015 e 2025. Para navegar, basta utilizar as setas do lado direito e esquerdo. Tem uma sugest\u00e3o ou gostaria de encomendar uma tirinha personalizada? Entre em contato atrav\u00e9s do formul\u00e1rio de contato ou atrav\u00e9s do e-mail: revitrolailustra@gmail.com","rel":"","context":"Post similar","block_context":{"text":"Post similar","link":""},"img":{"alt_text":"","src":"","width":0,"height":0},"classes":[]},{"id":985,"url":"https:\/\/mulhervitrola.com.br\/blog\/sobre-a-vitrola\/","url_meta":{"origin":17827,"position":2},"title":"Quem \u00e9 Vitrola?","author":"mulhervitrola","date":"4 de abril de 2013","format":false,"excerpt":"Meu nome \u00e9 Renata, tenho 38 anos, sou m\u00e3e do Pedro, de 18 anos e tamb\u00e9m do Joaquim, uma crian\u00e7a que encerrou sua trajet\u00f3ria no mundo em janeiro de 2012 ao 6 meses ap\u00f3s o nascimento. Sou ilustradora, designer e escritora. Atualmente, resido em\u00a0Duque de Caxias, Baixada Fluminense do\u00a0 RJ,\u2026","rel":"","context":"Com 4 coment\u00e1rios","block_context":{"text":"Com 4 coment\u00e1rios","link":"https:\/\/mulhervitrola.com.br\/blog\/sobre-a-vitrola\/#comments"},"img":{"alt_text":"","src":"https:\/\/i0.wp.com\/mulhervitrola.com.br\/blog\/wp-content\/uploads\/2023\/04\/Ativo-1.png?resize=350%2C200&ssl=1","width":350,"height":200,"srcset":"https:\/\/i0.wp.com\/mulhervitrola.com.br\/blog\/wp-content\/uploads\/2023\/04\/Ativo-1.png?resize=350%2C200&ssl=1 1x, https:\/\/i0.wp.com\/mulhervitrola.com.br\/blog\/wp-content\/uploads\/2023\/04\/Ativo-1.png?resize=525%2C300&ssl=1 1.5x, https:\/\/i0.wp.com\/mulhervitrola.com.br\/blog\/wp-content\/uploads\/2023\/04\/Ativo-1.png?resize=700%2C400&ssl=1 2x, https:\/\/i0.wp.com\/mulhervitrola.com.br\/blog\/wp-content\/uploads\/2023\/04\/Ativo-1.png?resize=1050%2C600&ssl=1 3x, https:\/\/i0.wp.com\/mulhervitrola.com.br\/blog\/wp-content\/uploads\/2023\/04\/Ativo-1.png?resize=1400%2C800&ssl=1 4x"},"classes":[]},{"id":13666,"url":"https:\/\/mulhervitrola.com.br\/blog\/criando-com-empatia-livro\/","url_meta":{"origin":17827,"position":3},"title":"Livro Criando com Empatia","author":"mulhervitrola","date":"15 de janeiro de 2021","format":false,"excerpt":"SAIBA MAIS SOBRE O CRIANDO COM EMPATIA Um dos projetos mais importantes da minha vida dispon\u00edvel nos maiores canais de venda do Brasil: o Livro Criando com Empatia, escrito pela Bia Lombardi e ilustrado por mim.Tenho muito orgulho deste projeto e ele foi realizado com muito carinho e dedica\u00e7\u00e3o. O\u2026","rel":"","context":"Post similar","block_context":{"text":"Post similar","link":""},"img":{"alt_text":"","src":"https:\/\/i0.wp.com\/mulhervitrola.com.br\/blog\/wp-content\/uploads\/2021\/01\/DSC_0595-2-scaled.jpg?fit=1200%2C798&ssl=1&resize=350%2C200","width":350,"height":200,"srcset":"https:\/\/i0.wp.com\/mulhervitrola.com.br\/blog\/wp-content\/uploads\/2021\/01\/DSC_0595-2-scaled.jpg?fit=1200%2C798&ssl=1&resize=350%2C200 1x, https:\/\/i0.wp.com\/mulhervitrola.com.br\/blog\/wp-content\/uploads\/2021\/01\/DSC_0595-2-scaled.jpg?fit=1200%2C798&ssl=1&resize=525%2C300 1.5x, https:\/\/i0.wp.com\/mulhervitrola.com.br\/blog\/wp-content\/uploads\/2021\/01\/DSC_0595-2-scaled.jpg?fit=1200%2C798&ssl=1&resize=700%2C400 2x, https:\/\/i0.wp.com\/mulhervitrola.com.br\/blog\/wp-content\/uploads\/2021\/01\/DSC_0595-2-scaled.jpg?fit=1200%2C798&ssl=1&resize=1050%2C600 3x"},"classes":[]},{"id":17040,"url":"https:\/\/mulhervitrola.com.br\/blog\/nem-todo-mundo-sorri-quando-esta-sozinho\/","url_meta":{"origin":17827,"position":4},"title":"Zine: Nem Todo Mundo Sorri quando Est\u00e1 Sozinho","author":"mulhervitrola","date":"15 de novembro de 2023","format":false,"excerpt":"Voc\u00ea certamente j\u00e1 parou para pensar nos detalhes do mundo ao seu redor. Mas e se o mundo fosse feito al\u00e9m dos detalhes poss\u00edveis? Nesta zine, trago pensamentos sobre a vida, personagens imagin\u00e1rios e humor que te roubar\u00e3o menos de 5 minutos. Ser\u00e1 que voc\u00ea voltar\u00e1 a ver as coisas\u2026","rel":"","context":"Post similar","block_context":{"text":"Post similar","link":""},"img":{"alt_text":"","src":"","width":0,"height":0},"classes":[]}],"jetpack_likes_enabled":true,"_links":{"self":[{"href":"https:\/\/mulhervitrola.com.br\/blog\/wp-json\/wp\/v2\/pages\/17827","targetHints":{"allow":["GET"]}}],"collection":[{"href":"https:\/\/mulhervitrola.com.br\/blog\/wp-json\/wp\/v2\/pages"}],"about":[{"href":"https:\/\/mulhervitrola.com.br\/blog\/wp-json\/wp\/v2\/types\/page"}],"author":[{"embeddable":true,"href":"https:\/\/mulhervitrola.com.br\/blog\/wp-json\/wp\/v2\/users\/1"}],"replies":[{"embeddable":true,"href":"https:\/\/mulhervitrola.com.br\/blog\/wp-json\/wp\/v2\/comments?post=17827"}],"version-history":[{"count":4,"href":"https:\/\/mulhervitrola.com.br\/blog\/wp-json\/wp\/v2\/pages\/17827\/revisions"}],"predecessor-version":[{"id":17834,"href":"https:\/\/mulhervitrola.com.br\/blog\/wp-json\/wp\/v2\/pages\/17827\/revisions\/17834"}],"wp:attachment":[{"href":"https:\/\/mulhervitrola.com.br\/blog\/wp-json\/wp\/v2\/media?parent=17827"}],"curies":[{"name":"wp","href":"https:\/\/api.w.org\/{rel}","templated":true}]}}